{"id":1087,"date":"2020-08-05T10:42:46","date_gmt":"2020-08-05T10:42:46","guid":{"rendered":"https:\/\/stageelos20.breloer.de\/?page_id=1087"},"modified":"2022-04-04T14:52:49","modified_gmt":"2022-04-04T14:52:49","slug":"kontakt-2","status":"publish","type":"page","link":"https:\/\/elos-de-campagne.de\/?page_id=1087","title":{"rendered":"Kontakt"},"content":{"rendered":"\t\t<div data-elementor-type=\"wp-page\" data-elementor-id=\"1087\" class=\"elementor elementor-1087\" data-elementor-post-type=\"page\">\n\t\t\t\t\t\t<section class=\"elementor-section elementor-top-section elementor-element elementor-element-fb458d3 elementor-section-boxed elementor-section-height-default elementor-section-height-default\" data-id=\"fb458d3\" data-element_type=\"section\" data-e-type=\"section\">\n\t\t\t\t\t\t\t<div class=\"elementor-background-overlay\"><\/div>\n\t\t\t\t\t\t\t<div class=\"elementor-container elementor-column-gap-default\">\n\t\t\t\t\t<div class=\"elementor-column elementor-col-100 elementor-top-column elementor-element elementor-element-0edfdb0\" data-id=\"0edfdb0\" data-element_type=\"column\" data-e-type=\"column\">\n\t\t\t<div class=\"elementor-widget-wrap elementor-element-populated\">\n\t\t\t\t\t\t<div class=\"elementor-element elementor-element-9f2e80f elementor-widget elementor-widget-text-editor\" data-id=\"9f2e80f\" data-element_type=\"widget\" data-e-type=\"widget\" data-widget_type=\"text-editor.default\">\n\t\t\t\t<div class=\"elementor-widget-container\">\n\t\t\t\t\t\t\t\t\t<p>Lieber Welpeninteressent,<br \/>leider gibt es im Moment eine Flut von Anfragen per E-Mail, die wir leider nicht mehr alle beantworten k\u00f6nnen \u2013 daf\u00fcr m\u00f6chten wir uns entschuldigen.<br \/>Da bei uns fr\u00fchestens im Sp\u00e4tsommer 2022 Welpen das Licht der Welt erblicken werden, w\u00e4ren wir dankbar f\u00fcr eine \u201eAnfragen-Pause\u201c. Gerne beantworten wir E-Mails wieder ab Juli 2022. Sie brauchen auch keine Sorge haben, dass Sie einen Eintrag in eine sogenannte Warteliste verpassen, denn eine solche Liste f\u00fchren wir nicht <img decoding=\"async\" class=\"emoji\" role=\"img\" draggable=\"false\" src=\"https:\/\/s.w.org\/images\/core\/emoji\/13.0.1\/svg\/1f609.svg\" alt=\"\ud83d\ude09\" \/>\u00a0Bei uns ist es eine Entscheidung zwischen Welpen, zuk\u00fcnftigen Welpeneltern und uns, und zwar erst dann, wenn die Welpen bereit sind, Besuch zu empfangen.\u00a0<br \/>Schauen Sie doch ab Juni 2022 immer wieder mal vorbei. Wir werden die Homepage aktualisieren, wenn es zu einer Hochzeit kam.<br \/>Wir w\u00fcnschen allen Welpen-Suchenden von Herzen, dass sie ihren Liebling finden\u00a0<img decoding=\"async\" class=\"emoji\" role=\"img\" draggable=\"false\" src=\"https:\/\/s.w.org\/images\/core\/emoji\/13.0.1\/svg\/1f642.svg\" alt=\"\ud83d\ude42\" \/><\/p><p>Bei Fragen oder dem Wunsch unsere Elos mal kennenzulernen, d\u00fcrfen Sie uns nat\u00fcrlich gerne telefonisch kontaktieren.<\/p>\t\t\t\t\t\t\t\t<\/div>\n\t\t\t\t<\/div>\n\t\t\t\t<div class=\"elementor-element elementor-element-2dfc2db elementor-widget elementor-widget-text-editor\" data-id=\"2dfc2db\" data-element_type=\"widget\" data-e-type=\"widget\" data-widget_type=\"text-editor.default\">\n\t\t\t\t<div class=\"elementor-widget-container\">\n\t\t\t\t\t\t\t\t\t<p><strong>ELO\u00aes de campagne<\/strong><\/p><p><strong>Nicole Breloer<br \/>Schinkelsh\u00fctte 35<br \/>47877 Willich<\/strong><\/p><p><strong>Mail: info@elos-de-campagne.de<br \/>Tel:\u00a0\u00a0 01721786322<\/strong><\/p>\t\t\t\t\t\t\t\t<\/div>\n\t\t\t\t<\/div>\n\t\t\t\t<div class=\"elementor-element elementor-element-b80f993 elementor-widget elementor-widget-google_maps\" data-id=\"b80f993\" data-element_type=\"widget\" data-e-type=\"widget\" data-widget_type=\"google_maps.default\">\n\t\t\t\t<div class=\"elementor-widget-container\">\n\t\t\t\t\t\t\t<div class=\"elementor-custom-embed\">\n\t\t\t<iframe loading=\"lazy\"\n\t\t\t\t\tsrc=\"https:\/\/maps.google.com\/maps?q=Schinkelsh%C3%BCtte%2035%2C%2047877%20Willich&#038;t=m&#038;z=15&#038;output=embed&#038;iwloc=near\"\n\t\t\t\t\ttitle=\"Schinkelsh\u00fctte 35, 47877 Willich\"\n\t\t\t\t\taria-label=\"Schinkelsh\u00fctte 35, 47877 Willich\"\n\t\t\t><\/iframe>\n\t\t<\/div>\n\t\t\t\t\t\t<\/div>\n\t\t\t\t<\/div>\n\t\t\t\t\t<\/div>\n\t\t<\/div>\n\t\t\t\t\t<\/div>\n\t\t<\/section>\n\t\t\t\t<\/div>\n\t\t","protected":false},"excerpt":{"rendered":"<p>Lieber Welpeninteressent,leider gibt es im Moment eine Flut von Anfragen per E-Mail, die wir leider nicht mehr alle beantworten k\u00f6nnen \u2013 daf\u00fcr m\u00f6chten wir uns entschuldigen.Da bei uns fr\u00fchestens im Sp\u00e4tsommer 2022 Welpen das Licht der Welt erblicken werden, w\u00e4ren wir dankbar f\u00fcr eine \u201eAnfragen-Pause\u201c. Gerne beantworten wir E-Mails wieder ab Juli 2022. Sie brauchen [&hellip;]<\/p>\n","protected":false},"author":4,"featured_media":0,"parent":0,"menu_order":0,"comment_status":"closed","ping_status":"closed","template":"","meta":{"ocean_post_layout":"","ocean_both_sidebars_style":"","ocean_both_sidebars_content_width":0,"ocean_both_sidebars_sidebars_width":0,"ocean_sidebar":"0","ocean_second_sidebar":"0","ocean_disable_margins":"enable","ocean_add_body_class":"","ocean_shortcode_before_top_bar":"","ocean_shortcode_after_top_bar":"","ocean_shortcode_before_header":"","ocean_shortcode_after_header":"","ocean_has_shortcode":"","ocean_shortcode_after_title":"","ocean_shortcode_before_footer_widgets":"","ocean_shortcode_after_footer_widgets":"","ocean_shortcode_before_footer_bottom":"","ocean_shortcode_after_footer_bottom":"","ocean_display_top_bar":"default","ocean_display_header":"default","ocean_header_style":"","ocean_center_header_left_menu":"0","ocean_custom_header_template":"0","ocean_custom_logo":0,"ocean_custom_retina_logo":0,"ocean_custom_logo_max_width":0,"ocean_custom_logo_tablet_max_width":0,"ocean_custom_logo_mobile_max_width":0,"ocean_custom_logo_max_height":0,"ocean_custom_logo_tablet_max_height":0,"ocean_custom_logo_mobile_max_height":0,"ocean_header_custom_menu":"0","ocean_menu_typo_font_family":"0","ocean_menu_typo_font_subset":"","ocean_menu_typo_font_size":0,"ocean_menu_typo_font_size_tablet":0,"ocean_menu_typo_font_size_mobile":0,"ocean_menu_typo_font_size_unit":"px","ocean_menu_typo_font_weight":"","ocean_menu_typo_font_weight_tablet":"","ocean_menu_typo_font_weight_mobile":"","ocean_menu_typo_transform":"","ocean_menu_typo_transform_tablet":"","ocean_menu_typo_transform_mobile":"","ocean_menu_typo_line_height":0,"ocean_menu_typo_line_height_tablet":0,"ocean_menu_typo_line_height_mobile":0,"ocean_menu_typo_line_height_unit":"","ocean_menu_typo_spacing":0,"ocean_menu_typo_spacing_tablet":0,"ocean_menu_typo_spacing_mobile":0,"ocean_menu_typo_spacing_unit":"","ocean_menu_link_color":"","ocean_menu_link_color_hover":"","ocean_menu_link_color_active":"","ocean_menu_link_background":"","ocean_menu_link_hover_background":"","ocean_menu_link_active_background":"","ocean_menu_social_links_bg":"","ocean_menu_social_hover_links_bg":"","ocean_menu_social_links_color":"","ocean_menu_social_hover_links_color":"","ocean_disable_title":"default","ocean_disable_heading":"default","ocean_post_title":"","ocean_post_subheading":"","ocean_post_title_style":"","ocean_post_title_background_color":"","ocean_post_title_background":0,"ocean_post_title_bg_image_position":"","ocean_post_title_bg_image_attachment":"","ocean_post_title_bg_image_repeat":"","ocean_post_title_bg_image_size":"","ocean_post_title_height":0,"ocean_post_title_bg_overlay":0.5,"ocean_post_title_bg_overlay_color":"","ocean_disable_breadcrumbs":"default","ocean_breadcrumbs_color":"","ocean_breadcrumbs_separator_color":"","ocean_breadcrumbs_links_color":"","ocean_breadcrumbs_links_hover_color":"","ocean_display_footer_widgets":"default","ocean_display_footer_bottom":"default","ocean_custom_footer_template":"0","footnotes":""},"class_list":["post-1087","page","type-page","status-publish","hentry","entry"],"_links":{"self":[{"href":"https:\/\/elos-de-campagne.de\/index.php?rest_route=\/wp\/v2\/pages\/1087","targetHints":{"allow":["GET"]}}],"collection":[{"href":"https:\/\/elos-de-campagne.de\/index.php?rest_route=\/wp\/v2\/pages"}],"about":[{"href":"https:\/\/elos-de-campagne.de\/index.php?rest_route=\/wp\/v2\/types\/page"}],"author":[{"embeddable":true,"href":"https:\/\/elos-de-campagne.de\/index.php?rest_route=\/wp\/v2\/users\/4"}],"replies":[{"embeddable":true,"href":"https:\/\/elos-de-campagne.de\/index.php?rest_route=%2Fwp%2Fv2%2Fcomments&post=1087"}],"version-history":[{"count":11,"href":"https:\/\/elos-de-campagne.de\/index.php?rest_route=\/wp\/v2\/pages\/1087\/revisions"}],"predecessor-version":[{"id":1375,"href":"https:\/\/elos-de-campagne.de\/index.php?rest_route=\/wp\/v2\/pages\/1087\/revisions\/1375"}],"wp:attachment":[{"href":"https:\/\/elos-de-campagne.de\/index.php?rest_route=%2Fwp%2Fv2%2Fmedia&parent=1087"}],"curies":[{"name":"wp","href":"https:\/\/api.w.org\/{rel}","templated":true}]}}